{"id":6808,"date":"2022-05-22T18:18:15","date_gmt":"2022-05-22T16:18:15","guid":{"rendered":"https:\/\/lacetra.ch\/konzerte\/con-che-soavi-accenti-7\/"},"modified":"2023-03-09T15:12:29","modified_gmt":"2023-03-09T14:12:29","slug":"con-che-soavi-accenti-7","status":"publish","type":"konzerte","link":"https:\/\/lacetra.ch\/en\/konzerte\/con-che-soavi-accenti-7\/","title":{"rendered":"Magdalena Ko\u017een\u00e1: Con che soavi accenti"},"content":{"rendered":"<p><strong>Blinde Liebe<\/strong><\/p>\n<p>Magdalena Ko\u017een&aacute; kann alles singen. Die Mezzosopranistin beweist es einmal mehr, indem sie Monteverdis<em> Il combattimento di Tancredi e Clorinda<\/em> zum Leben erweckt. Dieses Werk, das w&auml;hrend des Karnevals von Venedig 1624 uraufgef&uuml;hrt wurde, ist in der Sammlung der Madrigale von Krieg und Liebe des vorbarocken Komponisten enthalten. Mit Regieanweisungen f&uuml;r den Erz&auml;hler &#8211; hier gespielt von der ausgezeichneten Mezzosopranistin &#8211; markiert es einen Schritt nach vorn in der Theatralisierung des Madrigals und ist daher avantgardistisch, ebenso wie die anderen einfallsreichen Vokalwerke, die sich ihm in diesem Programm anschliessen, wie die formidable Sequenza III von Luciano Berio und Arianna has a Problem, basierend auf Monteverdis Lamento d&#39;Arianna, das der tschechische Komponist Marko Ivanovi\u0107 2016 seinem Landsmann widmete.<\/p>\n<p><img decoding=\"async\" src=\"https:\/\/s3.eu-central-1.amazonaws.com\/442mediafile-228\/original\/12dfc6ed3c6dbd66bff0a0c7dc4109e4.jpeg\" height=\"auto\" width=\"500px\"<\/p>\n","protected":false},"excerpt":{"rendered":"<p>Blinde Liebe Magdalena Ko\u017een&aacute; kann alles singen. Die Mezzosopranistin beweist es einmal mehr, indem sie Monteverdis Il combattimento di Tancredi e Clorinda zum Leben erweckt. Dieses Werk, das w&auml;hrend des Karnevals von Venedig 1624 uraufgef&uuml;hrt wurde, ist in der Sammlung der Madrigale von Krieg und Liebe des vorbarocken Komponisten enthalten. Mit Regieanweisungen f&uuml;r den Erz&auml;hler [&hellip;]<\/p>\n","protected":false},"featured_media":7968,"template":"","meta":{"_acf_changed":false,"inline_featured_image":false,"footnotes":""},"class_list":["post-6808","konzerte","type-konzerte","status-publish","has-post-thumbnail","hentry"],"acf":[],"yoast_head":"<!-- This site is optimized with the Yoast SEO plugin v27.1.1 - https:\/\/yoast.com\/product\/yoast-seo-wordpress\/ -->\n<title>Magdalena Ko\u017een\u00e1: Con che soavi accenti &#187; La Cetra<\/title>\n<meta name=\"robots\" content=\"index, follow, max-snippet:-1, max-image-preview:large, max-video-preview:-1\" \/>\n<link rel=\"canonical\" href=\"https:\/\/lacetra.ch\/en\/konzerte\/con-che-soavi-accenti-7\/\" \/>\n<meta property=\"og:locale\" content=\"en_US\" \/>\n<meta property=\"og:type\" content=\"article\" \/>\n<meta property=\"og:title\" content=\"Magdalena Ko\u017een\u00e1: Con che soavi accenti &#187; La Cetra\" \/>\n<meta property=\"og:description\" content=\"Blinde Liebe Magdalena Ko\u017een&aacute; kann alles singen. Die Mezzosopranistin beweist es einmal mehr, indem sie Monteverdis Il combattimento di Tancredi e Clorinda zum Leben erweckt. Dieses Werk, das w&auml;hrend des Karnevals von Venedig 1624 uraufgef&uuml;hrt wurde, ist in der Sammlung der Madrigale von Krieg und Liebe des vorbarocken Komponisten enthalten. Mit Regieanweisungen f&uuml;r den Erz&auml;hler [&hellip;]\" \/>\n<meta property=\"og:url\" content=\"https:\/\/lacetra.ch\/en\/konzerte\/con-che-soavi-accenti-7\/\" \/>\n<meta property=\"og:site_name\" content=\"La Cetra\" \/>\n<meta property=\"article:publisher\" content=\"https:\/\/www.facebook.com\/lacetrabasel\" \/>\n<meta property=\"article:modified_time\" content=\"2023-03-09T14:12:29+00:00\" \/>\n<meta property=\"og:image\" content=\"https:\/\/lacetra.ch\/wp-content\/uploads\/2023\/03\/6ffbd2e34b93e8ae3859f226c73c9f61-1400x1400.jpeg\" \/>\n\t<meta property=\"og:image:width\" content=\"1400\" \/>\n\t<meta property=\"og:image:height\" content=\"1400\" \/>\n\t<meta property=\"og:image:type\" content=\"image\/jpeg\" \/>\n<meta name=\"twitter:card\" content=\"summary_large_image\" \/>\n<meta name=\"twitter:site\" content=\"@LaCetraBasel\" \/>\n<meta name=\"twitter:label1\" content=\"Est. reading time\" \/>\n\t<meta name=\"twitter:data1\" content=\"1 minute\" \/>\n<script type=\"application\/ld+json\" class=\"yoast-schema-graph\">{\"@context\":\"https:\/\/schema.org\",\"@graph\":[{\"@type\":\"WebPage\",\"@id\":\"https:\/\/lacetra.ch\/en\/konzerte\/con-che-soavi-accenti-7\/\",\"url\":\"https:\/\/lacetra.ch\/en\/konzerte\/con-che-soavi-accenti-7\/\",\"name\":\"Magdalena Ko\u017een\u00e1: Con che soavi accenti &#187; La Cetra\",\"isPartOf\":{\"@id\":\"https:\/\/lacetra.ch\/en\/#website\"},\"primaryImageOfPage\":{\"@id\":\"https:\/\/lacetra.ch\/en\/konzerte\/con-che-soavi-accenti-7\/#primaryimage\"},\"image\":{\"@id\":\"https:\/\/lacetra.ch\/en\/konzerte\/con-che-soavi-accenti-7\/#primaryimage\"},\"thumbnailUrl\":\"https:\/\/lacetra.ch\/wp-content\/uploads\/2023\/03\/6ffbd2e34b93e8ae3859f226c73c9f61-scaled.jpeg\",\"datePublished\":\"2022-05-22T16:18:15+00:00\",\"dateModified\":\"2023-03-09T14:12:29+00:00\",\"breadcrumb\":{\"@id\":\"https:\/\/lacetra.ch\/en\/konzerte\/con-che-soavi-accenti-7\/#breadcrumb\"},\"inLanguage\":\"en-US\",\"potentialAction\":[{\"@type\":\"ReadAction\",\"target\":[\"https:\/\/lacetra.ch\/en\/konzerte\/con-che-soavi-accenti-7\/\"]}]},{\"@type\":\"ImageObject\",\"inLanguage\":\"en-US\",\"@id\":\"https:\/\/lacetra.ch\/en\/konzerte\/con-che-soavi-accenti-7\/#primaryimage\",\"url\":\"https:\/\/lacetra.ch\/wp-content\/uploads\/2023\/03\/6ffbd2e34b93e8ae3859f226c73c9f61-scaled.jpeg\",\"contentUrl\":\"https:\/\/lacetra.ch\/wp-content\/uploads\/2023\/03\/6ffbd2e34b93e8ae3859f226c73c9f61-scaled.jpeg\",\"width\":2560,\"height\":2560},{\"@type\":\"BreadcrumbList\",\"@id\":\"https:\/\/lacetra.ch\/en\/konzerte\/con-che-soavi-accenti-7\/#breadcrumb\",\"itemListElement\":[{\"@type\":\"ListItem\",\"position\":1,\"name\":\"Startseite\",\"item\":\"https:\/\/lacetra.ch\/en\/home\/\"},{\"@type\":\"ListItem\",\"position\":2,\"name\":\"Concerts\",\"item\":\"https:\/\/lacetra.ch\/en\/concerts\/\"},{\"@type\":\"ListItem\",\"position\":3,\"name\":\"Magdalena Ko\u017een\u00e1: Con che soavi accenti\"}]},{\"@type\":\"WebSite\",\"@id\":\"https:\/\/lacetra.ch\/en\/#website\",\"url\":\"https:\/\/lacetra.ch\/en\/\",\"name\":\"La Cetra\",\"description\":\"Barockorchester &amp; Vokalensemble Basel\",\"publisher\":{\"@id\":\"https:\/\/lacetra.ch\/en\/#organization\"},\"potentialAction\":[{\"@type\":\"SearchAction\",\"target\":{\"@type\":\"EntryPoint\",\"urlTemplate\":\"https:\/\/lacetra.ch\/en\/?s={search_term_string}\"},\"query-input\":{\"@type\":\"PropertyValueSpecification\",\"valueRequired\":true,\"valueName\":\"search_term_string\"}}],\"inLanguage\":\"en-US\"},{\"@type\":\"Organization\",\"@id\":\"https:\/\/lacetra.ch\/en\/#organization\",\"name\":\"La Cetra Barockorchester Basel\",\"url\":\"https:\/\/lacetra.ch\/en\/\",\"logo\":{\"@type\":\"ImageObject\",\"inLanguage\":\"en-US\",\"@id\":\"https:\/\/lacetra.ch\/en\/#\/schema\/logo\/image\/\",\"url\":\"https:\/\/lacetra.ch\/wp-content\/uploads\/2020\/04\/LaCetra_Logo_BV.svg\",\"contentUrl\":\"https:\/\/lacetra.ch\/wp-content\/uploads\/2020\/04\/LaCetra_Logo_BV.svg\",\"width\":\"1400\",\"height\":\"1400\",\"caption\":\"La Cetra Barockorchester Basel\"},\"image\":{\"@id\":\"https:\/\/lacetra.ch\/en\/#\/schema\/logo\/image\/\"},\"sameAs\":[\"https:\/\/www.facebook.com\/lacetrabasel\",\"https:\/\/x.com\/LaCetraBasel\",\"https:\/\/www.instagram.com\/lacetrabasel\/\"]}]}<\/script>\n<!-- \/ Yoast SEO plugin. -->","yoast_head_json":{"title":"Magdalena Ko\u017een\u00e1: Con che soavi accenti &#187; La Cetra","robots":{"index":"index","follow":"follow","max-snippet":"max-snippet:-1","max-image-preview":"max-image-preview:large","max-video-preview":"max-video-preview:-1"},"canonical":"https:\/\/lacetra.ch\/en\/konzerte\/con-che-soavi-accenti-7\/","og_locale":"en_US","og_type":"article","og_title":"Magdalena Ko\u017een\u00e1: Con che soavi accenti &#187; La Cetra","og_description":"Blinde Liebe Magdalena Ko\u017een&aacute; kann alles singen. Die Mezzosopranistin beweist es einmal mehr, indem sie Monteverdis Il combattimento di Tancredi e Clorinda zum Leben erweckt. Dieses Werk, das w&auml;hrend des Karnevals von Venedig 1624 uraufgef&uuml;hrt wurde, ist in der Sammlung der Madrigale von Krieg und Liebe des vorbarocken Komponisten enthalten. Mit Regieanweisungen f&uuml;r den Erz&auml;hler [&hellip;]","og_url":"https:\/\/lacetra.ch\/en\/konzerte\/con-che-soavi-accenti-7\/","og_site_name":"La Cetra","article_publisher":"https:\/\/www.facebook.com\/lacetrabasel","article_modified_time":"2023-03-09T14:12:29+00:00","og_image":[{"width":1400,"height":1400,"url":"https:\/\/lacetra.ch\/wp-content\/uploads\/2023\/03\/6ffbd2e34b93e8ae3859f226c73c9f61-1400x1400.jpeg","type":"image\/jpeg"}],"twitter_card":"summary_large_image","twitter_site":"@LaCetraBasel","twitter_misc":{"Est. reading time":"1 minute"},"schema":{"@context":"https:\/\/schema.org","@graph":[{"@type":"WebPage","@id":"https:\/\/lacetra.ch\/en\/konzerte\/con-che-soavi-accenti-7\/","url":"https:\/\/lacetra.ch\/en\/konzerte\/con-che-soavi-accenti-7\/","name":"Magdalena Ko\u017een\u00e1: Con che soavi accenti &#187; La Cetra","isPartOf":{"@id":"https:\/\/lacetra.ch\/en\/#website"},"primaryImageOfPage":{"@id":"https:\/\/lacetra.ch\/en\/konzerte\/con-che-soavi-accenti-7\/#primaryimage"},"image":{"@id":"https:\/\/lacetra.ch\/en\/konzerte\/con-che-soavi-accenti-7\/#primaryimage"},"thumbnailUrl":"https:\/\/lacetra.ch\/wp-content\/uploads\/2023\/03\/6ffbd2e34b93e8ae3859f226c73c9f61-scaled.jpeg","datePublished":"2022-05-22T16:18:15+00:00","dateModified":"2023-03-09T14:12:29+00:00","breadcrumb":{"@id":"https:\/\/lacetra.ch\/en\/konzerte\/con-che-soavi-accenti-7\/#breadcrumb"},"inLanguage":"en-US","potentialAction":[{"@type":"ReadAction","target":["https:\/\/lacetra.ch\/en\/konzerte\/con-che-soavi-accenti-7\/"]}]},{"@type":"ImageObject","inLanguage":"en-US","@id":"https:\/\/lacetra.ch\/en\/konzerte\/con-che-soavi-accenti-7\/#primaryimage","url":"https:\/\/lacetra.ch\/wp-content\/uploads\/2023\/03\/6ffbd2e34b93e8ae3859f226c73c9f61-scaled.jpeg","contentUrl":"https:\/\/lacetra.ch\/wp-content\/uploads\/2023\/03\/6ffbd2e34b93e8ae3859f226c73c9f61-scaled.jpeg","width":2560,"height":2560},{"@type":"BreadcrumbList","@id":"https:\/\/lacetra.ch\/en\/konzerte\/con-che-soavi-accenti-7\/#breadcrumb","itemListElement":[{"@type":"ListItem","position":1,"name":"Startseite","item":"https:\/\/lacetra.ch\/en\/home\/"},{"@type":"ListItem","position":2,"name":"Concerts","item":"https:\/\/lacetra.ch\/en\/concerts\/"},{"@type":"ListItem","position":3,"name":"Magdalena Ko\u017een\u00e1: Con che soavi accenti"}]},{"@type":"WebSite","@id":"https:\/\/lacetra.ch\/en\/#website","url":"https:\/\/lacetra.ch\/en\/","name":"La Cetra","description":"Barockorchester &amp; Vokalensemble Basel","publisher":{"@id":"https:\/\/lacetra.ch\/en\/#organization"},"potentialAction":[{"@type":"SearchAction","target":{"@type":"EntryPoint","urlTemplate":"https:\/\/lacetra.ch\/en\/?s={search_term_string}"},"query-input":{"@type":"PropertyValueSpecification","valueRequired":true,"valueName":"search_term_string"}}],"inLanguage":"en-US"},{"@type":"Organization","@id":"https:\/\/lacetra.ch\/en\/#organization","name":"La Cetra Barockorchester Basel","url":"https:\/\/lacetra.ch\/en\/","logo":{"@type":"ImageObject","inLanguage":"en-US","@id":"https:\/\/lacetra.ch\/en\/#\/schema\/logo\/image\/","url":"https:\/\/lacetra.ch\/wp-content\/uploads\/2020\/04\/LaCetra_Logo_BV.svg","contentUrl":"https:\/\/lacetra.ch\/wp-content\/uploads\/2020\/04\/LaCetra_Logo_BV.svg","width":"1400","height":"1400","caption":"La Cetra Barockorchester Basel"},"image":{"@id":"https:\/\/lacetra.ch\/en\/#\/schema\/logo\/image\/"},"sameAs":["https:\/\/www.facebook.com\/lacetrabasel","https:\/\/x.com\/LaCetraBasel","https:\/\/www.instagram.com\/lacetrabasel\/"]}]}},"_links":{"self":[{"href":"https:\/\/lacetra.ch\/en\/wp-json\/wp\/v2\/konzerte\/6808","targetHints":{"allow":["GET"]}}],"collection":[{"href":"https:\/\/lacetra.ch\/en\/wp-json\/wp\/v2\/konzerte"}],"about":[{"href":"https:\/\/lacetra.ch\/en\/wp-json\/wp\/v2\/types\/konzerte"}],"version-history":[{"count":3,"href":"https:\/\/lacetra.ch\/en\/wp-json\/wp\/v2\/konzerte\/6808\/revisions"}],"predecessor-version":[{"id":7061,"href":"https:\/\/lacetra.ch\/en\/wp-json\/wp\/v2\/konzerte\/6808\/revisions\/7061"}],"wp:featuredmedia":[{"embeddable":true,"href":"https:\/\/lacetra.ch\/en\/wp-json\/wp\/v2\/media\/7968"}],"wp:attachment":[{"href":"https:\/\/lacetra.ch\/en\/wp-json\/wp\/v2\/media?parent=6808"}],"curies":[{"name":"wp","href":"https:\/\/api.w.org\/{rel}","templated":true}]}}

Magdalena Kožená: Con che soavi accenti

<p><strong>Blinde Liebe</strong></p>
<p>Magdalena Kožen&aacute; kann alles singen. Die Mezzosopranistin beweist es einmal mehr, indem sie Monteverdis<em> Il combattimento di Tancredi e Clorinda</em> zum Leben erweckt. Dieses Werk, das w&auml;hrend des Karnevals von Venedig 1624 uraufgef&uuml;hrt wurde, ist in der Sammlung der Madrigale von Krieg und Liebe des vorbarocken Komponisten enthalten. Mit Regieanweisungen f&uuml;r den Erz&auml;hler &#8211; hier gespielt von der ausgezeichneten Mezzosopranistin &#8211; markiert es einen Schritt nach vorn in der Theatralisierung des Madrigals und ist daher avantgardistisch, ebenso wie die anderen einfallsreichen Vokalwerke, die sich ihm in diesem Programm anschliessen, wie die formidable Sequenza III von Luciano Berio und Arianna has a Problem, basierend auf Monteverdis Lamento d&#39;Arianna, das der tschechische Komponist Marko Ivanović 2016 seinem Landsmann widmete.</p>
<p><img decoding="async" src="https://s3.eu-central-1.amazonaws.com/442mediafile-228/original/12dfc6ed3c6dbd66bff0a0c7dc4109e4.jpeg" height="auto" width="500px"</p>

<p>Blinde Liebe Magdalena Kožen&aacute; kann alles singen. Die Mezzosopranistin beweist es einmal mehr, indem sie Monteverdis Il combattimento di Tancredi e Clorinda zum Leben erweckt. Dieses Werk, das w&auml;hrend des Karnevals von Venedig 1624 uraufgef&uuml;hrt wurde, ist in der Sammlung der Madrigale von Krieg und Liebe des vorbarocken Komponisten enthalten. Mit Regieanweisungen f&uuml;r den Erz&auml;hler [&hellip;]</p>

<!-- This site is optimized with the Yoast SEO plugin v27.1.1 - https://yoast.com/product/yoast-seo-wordpress/ -->
<title>Magdalena Kožená: Con che soavi accenti &#187; La Cetra</title>
<meta name="robots" content="index, follow, max-snippet:-1, max-image-preview:large, max-video-preview:-1" />
<link rel="canonical" href="https://lacetra.ch/en/konzerte/con-che-soavi-accenti-7/" />
<meta property="og:locale" content="en_US" />
<meta property="og:type" content="article" />
<meta property="og:title" content="Magdalena Kožená: Con che soavi accenti &#187; La Cetra" />
<meta property="og:description" content="Blinde Liebe Magdalena Kožen&aacute; kann alles singen. Die Mezzosopranistin beweist es einmal mehr, indem sie Monteverdis Il combattimento di Tancredi e Clorinda zum Leben erweckt. Dieses Werk, das w&auml;hrend des Karnevals von Venedig 1624 uraufgef&uuml;hrt wurde, ist in der Sammlung der Madrigale von Krieg und Liebe des vorbarocken Komponisten enthalten. Mit Regieanweisungen f&uuml;r den Erz&auml;hler [&hellip;]" />
<meta property="og:url" content="https://lacetra.ch/en/konzerte/con-che-soavi-accenti-7/" />
<meta property="og:site_name" content="La Cetra" />
<meta property="article:publisher" content="https://www.facebook.com/lacetrabasel" />
<meta property="article:modified_time" content="2023-03-09T14:12:29+00:00" />
<meta property="og:image" content="https://lacetra.ch/wp-content/uploads/2023/03/6ffbd2e34b93e8ae3859f226c73c9f61-1400x1400.jpeg" />
	<meta property="og:image:width" content="1400" />
	<meta property="og:image:height" content="1400" />
	<meta property="og:image:type" content="image/jpeg" />
<meta name="twitter:card" content="summary_large_image" />
<meta name="twitter:site" content="@LaCetraBasel" />
<meta name="twitter:label1" content="Est. reading time" />
	<meta name="twitter:data1" content="1 minute" />
<script type="application/ld+json" class="yoast-schema-graph">{"@context":"https://schema.org","@graph":[{"@type":"WebPage","@id":"https://lacetra.ch/en/konzerte/con-che-soavi-accenti-7/","url":"https://lacetra.ch/en/konzerte/con-che-soavi-accenti-7/","name":"Magdalena Kožená: Con che soavi accenti &#187; La Cetra","isPartOf":{"@id":"https://lacetra.ch/en/#website"},"primaryImageOfPage":{"@id":"https://lacetra.ch/en/konzerte/con-che-soavi-accenti-7/#primaryimage"},"image":{"@id":"https://lacetra.ch/en/konzerte/con-che-soavi-accenti-7/#primaryimage"},"thumbnailUrl":"https://lacetra.ch/wp-content/uploads/2023/03/6ffbd2e34b93e8ae3859f226c73c9f61-scaled.jpeg","datePublished":"2022-05-22T16:18:15+00:00","dateModified":"2023-03-09T14:12:29+00:00","breadcrumb":{"@id":"https://lacetra.ch/en/konzerte/con-che-soavi-accenti-7/#breadcrumb"},"inLanguage":"en-US","potentialAction":[{"@type":"ReadAction","target":["https://lacetra.ch/en/konzerte/con-che-soavi-accenti-7/"]}]},{"@type":"ImageObject","inLanguage":"en-US","@id":"https://lacetra.ch/en/konzerte/con-che-soavi-accenti-7/#primaryimage","url":"https://lacetra.ch/wp-content/uploads/2023/03/6ffbd2e34b93e8ae3859f226c73c9f61-scaled.jpeg","contentUrl":"https://lacetra.ch/wp-content/uploads/2023/03/6ffbd2e34b93e8ae3859f226c73c9f61-scaled.jpeg","width":2560,"height":2560},{"@type":"BreadcrumbList","@id":"https://lacetra.ch/en/konzerte/con-che-soavi-accenti-7/#breadcrumb","itemListElement":[{"@type":"ListItem","position":1,"name":"Startseite","item":"https://lacetra.ch/en/home/"},{"@type":"ListItem","position":2,"name":"Concerts","item":"https://lacetra.ch/en/concerts/"},{"@type":"ListItem","position":3,"name":"Magdalena Kožená: Con che soavi accenti"}]},{"@type":"WebSite","@id":"https://lacetra.ch/en/#website","url":"https://lacetra.ch/en/","name":"La Cetra","description":"Barockorchester &amp; Vokalensemble Basel","publisher":{"@id":"https://lacetra.ch/en/#organization"},"potentialAction":[{"@type":"SearchAction","target":{"@type":"EntryPoint","urlTemplate":"https://lacetra.ch/en/?s={search_term_string}"},"query-input":{"@type":"PropertyValueSpecification","valueRequired":true,"valueName":"search_term_string"}}],"inLanguage":"en-US"},{"@type":"Organization","@id":"https://lacetra.ch/en/#organization","name":"La Cetra Barockorchester Basel","url":"https://lacetra.ch/en/","logo":{"@type":"ImageObject","inLanguage":"en-US","@id":"https://lacetra.ch/en/#/schema/logo/image/","url":"https://lacetra.ch/wp-content/uploads/2020/04/LaCetra_Logo_BV.svg","contentUrl":"https://lacetra.ch/wp-content/uploads/2020/04/LaCetra_Logo_BV.svg","width":"1400","height":"1400","caption":"La Cetra Barockorchester Basel"},"image":{"@id":"https://lacetra.ch/en/#/schema/logo/image/"},"sameAs":["https://www.facebook.com/lacetrabasel","https://x.com/LaCetraBasel","https://www.instagram.com/lacetrabasel/"]}]}</script>
<!-- / Yoast SEO plugin. -->

Magdalena Kožená: Con che soavi accenti &#187; La Cetra

Blinde Liebe Magdalena Kožen&aacute; kann alles singen. Die Mezzosopranistin beweist es einmal mehr, indem sie Monteverdis Il combattimento di Tancredi e Clorinda zum Leben erweckt. Dieses Werk, das w&auml;hrend des Karnevals von Venedig 1624 uraufgef&uuml;hrt wurde, ist in der Sammlung der Madrigale von Krieg und Liebe des vorbarocken Komponisten enthalten. Mit Regieanweisungen f&uuml;r den Erz&auml;hler [&hellip;]
