{"id":14582,"date":"2025-06-10T01:21:34","date_gmt":"2025-06-09T23:21:34","guid":{"rendered":"https:\/\/staging.lacetra.ch\/konzerte\/j-s-bach-johannespassion-bwv-245\/"},"modified":"2026-04-23T11:35:01","modified_gmt":"2026-04-23T09:35:01","slug":"j-s-bach-johannespassion-bwv-245","status":"publish","type":"konzerte","link":"https:\/\/lacetra.ch\/en\/konzerte\/j-s-bach-johannespassion-bwv-245\/","title":{"rendered":"J.S. Bach: Johannespassion BWV 245"},"content":{"rendered":"\n<hr class=\"wp-block-separator has-alpha-channel-opacity\" \/>\n\n\n\n<div id=\"konzert-block_7c51d098077f4981a4c5722f89d555ef\" class=\"konzertsolist\">\n            <div class=\"wp-block-image\">\n            <figure class=\"alignleft size-large is-resized\">\n                <img loading=\"lazy\" decoding=\"async\" width=\"800\" height=\"533\" src=\"https:\/\/lacetra.ch\/wp-content\/uploads\/2022\/01\/Andrea-Marcon-Daniele-Caminiti-800x533.jpg\" class=\"attachment-medium size-medium\" alt=\"\" srcset=\"https:\/\/lacetra.ch\/wp-content\/uploads\/2022\/01\/Andrea-Marcon-Daniele-Caminiti-800x533.jpg 800w, https:\/\/lacetra.ch\/wp-content\/uploads\/2022\/01\/Andrea-Marcon-Daniele-Caminiti-1400x933.jpg 1400w, https:\/\/lacetra.ch\/wp-content\/uploads\/2022\/01\/Andrea-Marcon-Daniele-Caminiti-400x267.jpg 400w, https:\/\/lacetra.ch\/wp-content\/uploads\/2022\/01\/Andrea-Marcon-Daniele-Caminiti-768x512.jpg 768w, https:\/\/lacetra.ch\/wp-content\/uploads\/2022\/01\/Andrea-Marcon-Daniele-Caminiti-1600x1067.jpg 1600w, https:\/\/lacetra.ch\/wp-content\/uploads\/2022\/01\/Andrea-Marcon-Daniele-Caminiti-1536x1024.jpg 1536w, https:\/\/lacetra.ch\/wp-content\/uploads\/2022\/01\/Andrea-Marcon-Daniele-Caminiti-2048x1365.jpg 2048w\" sizes=\"auto, (max-width: 800px) 100vw, 800px\" \/>            <\/figure>\n        <\/div>\n    \n            <h3 class=\"h3inline\">Andrea Marcon<\/h3>\n    \n            <p>Andrea Marcon ist einer der renommiertesten Musiker und Spezialisten auf dem Gebiet der Alten Musik und der Klassik. Geboren im norditalienischen Treviso, studierte er an der Schola Cantorum in Basel u. a. bei Jean-Claude Zehnder, Hans Martin Linde und Jordi Savall sowie bei Luigi Fernando Tagliavini, Hans van Niewkoop, Jesper Christensen, Harald Vogel und Ton Koopman.rnrnSeit 2009 ist er k\u00fcnstlerischer Leiter von La Cetra. Tats\u00e4chlich begann seine Partnerschaft mit dem La Cetra Barockorchester Basel bereits 1999 mit dem allerersten Konzert des Ensembles. Seither f\u00fchrt er es von H\u00f6hepunkt zu H\u00f6hepunkt im Rahmen von internationalen Konzerttourneen.rnAls Gr\u00fcnder der legend\u00e4ren Barockensembles \u00abSonatori de la Gioiosa Marca\u00bb und des Venice Baroque Orchestra gastiert Andrea Marcon seit vielen Jahren in allen bedeutenden Konzerts\u00e4len weltweit. Als Gastdirigent arbeitet er zudem mit den M\u00fcnchner und Berliner Philharmonikern, dem Sinfonieorchester des Bayerischen und des Hessischen Rundfunks, den Bamberger Symphonikern u.v.m. und widmet sich in den letzten Jahren auch dem sinfonischen Repertoire von Beethoven, Schubert, Mendelssohn, Schumann und Brahms. Als Operndirigent war er u. a. an der Oper Frankfurt, den Opern in Valencia, Sevilla und Lausanne, in La Fenice oder am Bolschoi-Theater in Moskau eingeladen. Im Fr\u00fchling 2023 gab er sein Debut an La Scala di Milano.rn\u00dcber 80 oft preisgekr\u00f6nte Aufnahmen als Dirigent, Cembalist und Organist zum Teil mit Wiederentdeckungen von Vivaldi, Caldara, Marcello, Galuppi, Porpora, Cimarosa oder Boccherini dokumentieren das reiche Repertoire, mit dem er sich bis heute besch\u00e4ftigt.rn2021 wurde ihm f\u00fcr seine Verdienste um die Musik H\u00e4ndels der H\u00e4ndelpreis der Stadt Halle verliehen.<\/p>\n    \n    <hr\/>\n<\/div>","protected":false},"excerpt":{"rendered":"","protected":false},"featured_media":16102,"template":"","meta":{"_acf_changed":false,"inline_featured_image":false,"footnotes":""},"class_list":["post-14582","konzerte","type-konzerte","status-publish","has-post-thumbnail","hentry"],"acf":[],"yoast_head":"<!-- This site is optimized with the Yoast SEO plugin v27.1.1 - https:\/\/yoast.com\/product\/yoast-seo-wordpress\/ -->\n<title>J.S. Bach: Johannespassion BWV 245 &#187; La Cetra<\/title>\n<meta name=\"robots\" content=\"index, follow, max-snippet:-1, max-image-preview:large, max-video-preview:-1\" \/>\n<link rel=\"canonical\" href=\"https:\/\/lacetra.ch\/en\/konzerte\/j-s-bach-johannespassion-bwv-245\/\" \/>\n<meta property=\"og:locale\" content=\"en_US\" \/>\n<meta property=\"og:type\" content=\"article\" \/>\n<meta property=\"og:title\" content=\"J.S. Bach: Johannespassion BWV 245 &#187; La Cetra\" \/>\n<meta property=\"og:url\" content=\"https:\/\/lacetra.ch\/en\/konzerte\/j-s-bach-johannespassion-bwv-245\/\" \/>\n<meta property=\"og:site_name\" content=\"La Cetra\" \/>\n<meta property=\"article:publisher\" content=\"https:\/\/www.facebook.com\/lacetrabasel\" \/>\n<meta property=\"article:modified_time\" content=\"2026-04-23T09:35:01+00:00\" \/>\n<meta property=\"og:image\" content=\"https:\/\/lacetra.ch\/wp-content\/uploads\/2026\/01\/29ac27b83e0c59c45252606beac8fa6e.png\" \/>\n\t<meta property=\"og:image:width\" content=\"698\" \/>\n\t<meta property=\"og:image:height\" content=\"393\" \/>\n\t<meta property=\"og:image:type\" content=\"image\/png\" \/>\n<meta name=\"twitter:card\" content=\"summary_large_image\" \/>\n<meta name=\"twitter:site\" content=\"@LaCetraBasel\" \/>\n<meta name=\"twitter:label1\" content=\"Est. reading time\" \/>\n\t<meta name=\"twitter:data1\" content=\"1 minute\" \/>\n<script type=\"application\/ld+json\" class=\"yoast-schema-graph\">{\"@context\":\"https:\/\/schema.org\",\"@graph\":[{\"@type\":\"WebPage\",\"@id\":\"https:\/\/lacetra.ch\/en\/konzerte\/j-s-bach-johannespassion-bwv-245\/\",\"url\":\"https:\/\/lacetra.ch\/en\/konzerte\/j-s-bach-johannespassion-bwv-245\/\",\"name\":\"J.S. Bach: Johannespassion BWV 245 &#187; La Cetra\",\"isPartOf\":{\"@id\":\"https:\/\/lacetra.ch\/en\/#website\"},\"primaryImageOfPage\":{\"@id\":\"https:\/\/lacetra.ch\/en\/konzerte\/j-s-bach-johannespassion-bwv-245\/#primaryimage\"},\"image\":{\"@id\":\"https:\/\/lacetra.ch\/en\/konzerte\/j-s-bach-johannespassion-bwv-245\/#primaryimage\"},\"thumbnailUrl\":\"https:\/\/lacetra.ch\/wp-content\/uploads\/2026\/01\/29ac27b83e0c59c45252606beac8fa6e.png\",\"datePublished\":\"2025-06-09T23:21:34+00:00\",\"dateModified\":\"2026-04-23T09:35:01+00:00\",\"breadcrumb\":{\"@id\":\"https:\/\/lacetra.ch\/en\/konzerte\/j-s-bach-johannespassion-bwv-245\/#breadcrumb\"},\"inLanguage\":\"en-US\",\"potentialAction\":[{\"@type\":\"ReadAction\",\"target\":[\"https:\/\/lacetra.ch\/en\/konzerte\/j-s-bach-johannespassion-bwv-245\/\"]}]},{\"@type\":\"ImageObject\",\"inLanguage\":\"en-US\",\"@id\":\"https:\/\/lacetra.ch\/en\/konzerte\/j-s-bach-johannespassion-bwv-245\/#primaryimage\",\"url\":\"https:\/\/lacetra.ch\/wp-content\/uploads\/2026\/01\/29ac27b83e0c59c45252606beac8fa6e.png\",\"contentUrl\":\"https:\/\/lacetra.ch\/wp-content\/uploads\/2026\/01\/29ac27b83e0c59c45252606beac8fa6e.png\",\"width\":698,\"height\":393},{\"@type\":\"BreadcrumbList\",\"@id\":\"https:\/\/lacetra.ch\/en\/konzerte\/j-s-bach-johannespassion-bwv-245\/#breadcrumb\",\"itemListElement\":[{\"@type\":\"ListItem\",\"position\":1,\"name\":\"Startseite\",\"item\":\"https:\/\/lacetra.ch\/en\/home\/\"},{\"@type\":\"ListItem\",\"position\":2,\"name\":\"Concerts\",\"item\":\"https:\/\/lacetra.ch\/en\/concerts\/\"},{\"@type\":\"ListItem\",\"position\":3,\"name\":\"J.S. Bach: Johannespassion BWV 245\"}]},{\"@type\":\"WebSite\",\"@id\":\"https:\/\/lacetra.ch\/en\/#website\",\"url\":\"https:\/\/lacetra.ch\/en\/\",\"name\":\"La Cetra\",\"description\":\"Barockorchester &amp; Vokalensemble Basel\",\"publisher\":{\"@id\":\"https:\/\/lacetra.ch\/en\/#organization\"},\"potentialAction\":[{\"@type\":\"SearchAction\",\"target\":{\"@type\":\"EntryPoint\",\"urlTemplate\":\"https:\/\/lacetra.ch\/en\/?s={search_term_string}\"},\"query-input\":{\"@type\":\"PropertyValueSpecification\",\"valueRequired\":true,\"valueName\":\"search_term_string\"}}],\"inLanguage\":\"en-US\"},{\"@type\":\"Organization\",\"@id\":\"https:\/\/lacetra.ch\/en\/#organization\",\"name\":\"La Cetra Barockorchester Basel\",\"url\":\"https:\/\/lacetra.ch\/en\/\",\"logo\":{\"@type\":\"ImageObject\",\"inLanguage\":\"en-US\",\"@id\":\"https:\/\/lacetra.ch\/en\/#\/schema\/logo\/image\/\",\"url\":\"https:\/\/lacetra.ch\/wp-content\/uploads\/2020\/04\/LaCetra_Logo_BV.svg\",\"contentUrl\":\"https:\/\/lacetra.ch\/wp-content\/uploads\/2020\/04\/LaCetra_Logo_BV.svg\",\"width\":\"1400\",\"height\":\"1400\",\"caption\":\"La Cetra Barockorchester Basel\"},\"image\":{\"@id\":\"https:\/\/lacetra.ch\/en\/#\/schema\/logo\/image\/\"},\"sameAs\":[\"https:\/\/www.facebook.com\/lacetrabasel\",\"https:\/\/x.com\/LaCetraBasel\",\"https:\/\/www.instagram.com\/lacetrabasel\/\"]}]}<\/script>\n<!-- \/ Yoast SEO plugin. -->","yoast_head_json":{"title":"J.S. Bach: Johannespassion BWV 245 &#187; La Cetra","robots":{"index":"index","follow":"follow","max-snippet":"max-snippet:-1","max-image-preview":"max-image-preview:large","max-video-preview":"max-video-preview:-1"},"canonical":"https:\/\/lacetra.ch\/en\/konzerte\/j-s-bach-johannespassion-bwv-245\/","og_locale":"en_US","og_type":"article","og_title":"J.S. Bach: Johannespassion BWV 245 &#187; La Cetra","og_url":"https:\/\/lacetra.ch\/en\/konzerte\/j-s-bach-johannespassion-bwv-245\/","og_site_name":"La Cetra","article_publisher":"https:\/\/www.facebook.com\/lacetrabasel","article_modified_time":"2026-04-23T09:35:01+00:00","og_image":[{"width":698,"height":393,"url":"https:\/\/lacetra.ch\/wp-content\/uploads\/2026\/01\/29ac27b83e0c59c45252606beac8fa6e.png","type":"image\/png"}],"twitter_card":"summary_large_image","twitter_site":"@LaCetraBasel","twitter_misc":{"Est. reading time":"1 minute"},"schema":{"@context":"https:\/\/schema.org","@graph":[{"@type":"WebPage","@id":"https:\/\/lacetra.ch\/en\/konzerte\/j-s-bach-johannespassion-bwv-245\/","url":"https:\/\/lacetra.ch\/en\/konzerte\/j-s-bach-johannespassion-bwv-245\/","name":"J.S. Bach: Johannespassion BWV 245 &#187; La Cetra","isPartOf":{"@id":"https:\/\/lacetra.ch\/en\/#website"},"primaryImageOfPage":{"@id":"https:\/\/lacetra.ch\/en\/konzerte\/j-s-bach-johannespassion-bwv-245\/#primaryimage"},"image":{"@id":"https:\/\/lacetra.ch\/en\/konzerte\/j-s-bach-johannespassion-bwv-245\/#primaryimage"},"thumbnailUrl":"https:\/\/lacetra.ch\/wp-content\/uploads\/2026\/01\/29ac27b83e0c59c45252606beac8fa6e.png","datePublished":"2025-06-09T23:21:34+00:00","dateModified":"2026-04-23T09:35:01+00:00","breadcrumb":{"@id":"https:\/\/lacetra.ch\/en\/konzerte\/j-s-bach-johannespassion-bwv-245\/#breadcrumb"},"inLanguage":"en-US","potentialAction":[{"@type":"ReadAction","target":["https:\/\/lacetra.ch\/en\/konzerte\/j-s-bach-johannespassion-bwv-245\/"]}]},{"@type":"ImageObject","inLanguage":"en-US","@id":"https:\/\/lacetra.ch\/en\/konzerte\/j-s-bach-johannespassion-bwv-245\/#primaryimage","url":"https:\/\/lacetra.ch\/wp-content\/uploads\/2026\/01\/29ac27b83e0c59c45252606beac8fa6e.png","contentUrl":"https:\/\/lacetra.ch\/wp-content\/uploads\/2026\/01\/29ac27b83e0c59c45252606beac8fa6e.png","width":698,"height":393},{"@type":"BreadcrumbList","@id":"https:\/\/lacetra.ch\/en\/konzerte\/j-s-bach-johannespassion-bwv-245\/#breadcrumb","itemListElement":[{"@type":"ListItem","position":1,"name":"Startseite","item":"https:\/\/lacetra.ch\/en\/home\/"},{"@type":"ListItem","position":2,"name":"Concerts","item":"https:\/\/lacetra.ch\/en\/concerts\/"},{"@type":"ListItem","position":3,"name":"J.S. Bach: Johannespassion BWV 245"}]},{"@type":"WebSite","@id":"https:\/\/lacetra.ch\/en\/#website","url":"https:\/\/lacetra.ch\/en\/","name":"La Cetra","description":"Barockorchester &amp; Vokalensemble Basel","publisher":{"@id":"https:\/\/lacetra.ch\/en\/#organization"},"potentialAction":[{"@type":"SearchAction","target":{"@type":"EntryPoint","urlTemplate":"https:\/\/lacetra.ch\/en\/?s={search_term_string}"},"query-input":{"@type":"PropertyValueSpecification","valueRequired":true,"valueName":"search_term_string"}}],"inLanguage":"en-US"},{"@type":"Organization","@id":"https:\/\/lacetra.ch\/en\/#organization","name":"La Cetra Barockorchester Basel","url":"https:\/\/lacetra.ch\/en\/","logo":{"@type":"ImageObject","inLanguage":"en-US","@id":"https:\/\/lacetra.ch\/en\/#\/schema\/logo\/image\/","url":"https:\/\/lacetra.ch\/wp-content\/uploads\/2020\/04\/LaCetra_Logo_BV.svg","contentUrl":"https:\/\/lacetra.ch\/wp-content\/uploads\/2020\/04\/LaCetra_Logo_BV.svg","width":"1400","height":"1400","caption":"La Cetra Barockorchester Basel"},"image":{"@id":"https:\/\/lacetra.ch\/en\/#\/schema\/logo\/image\/"},"sameAs":["https:\/\/www.facebook.com\/lacetrabasel","https:\/\/x.com\/LaCetraBasel","https:\/\/www.instagram.com\/lacetrabasel\/"]}]}},"_links":{"self":[{"href":"https:\/\/lacetra.ch\/en\/wp-json\/wp\/v2\/konzerte\/14582","targetHints":{"allow":["GET"]}}],"collection":[{"href":"https:\/\/lacetra.ch\/en\/wp-json\/wp\/v2\/konzerte"}],"about":[{"href":"https:\/\/lacetra.ch\/en\/wp-json\/wp\/v2\/types\/konzerte"}],"version-history":[{"count":4,"href":"https:\/\/lacetra.ch\/en\/wp-json\/wp\/v2\/konzerte\/14582\/revisions"}],"predecessor-version":[{"id":16200,"href":"https:\/\/lacetra.ch\/en\/wp-json\/wp\/v2\/konzerte\/14582\/revisions\/16200"}],"wp:featuredmedia":[{"embeddable":true,"href":"https:\/\/lacetra.ch\/en\/wp-json\/wp\/v2\/media\/16102"}],"wp:attachment":[{"href":"https:\/\/lacetra.ch\/en\/wp-json\/wp\/v2\/media?parent=14582"}],"curies":[{"name":"wp","href":"https:\/\/api.w.org\/{rel}","templated":true}]}}

<hr class="wp-block-separator has-alpha-channel-opacity" />



<div id="konzert-block_7c51d098077f4981a4c5722f89d555ef" class="konzertsolist">
            <div class="wp-block-image">
            <figure class="alignleft size-large is-resized">
                <img loading="lazy" decoding="async" width="800" height="533" src="https://lacetra.ch/wp-content/uploads/2022/01/Andrea-Marcon-Daniele-Caminiti-800x533.jpg" class="attachment-medium size-medium" alt="" srcset="https://lacetra.ch/wp-content/uploads/2022/01/Andrea-Marcon-Daniele-Caminiti-800x533.jpg 800w, https://lacetra.ch/wp-content/uploads/2022/01/Andrea-Marcon-Daniele-Caminiti-1400x933.jpg 1400w, https://lacetra.ch/wp-content/uploads/2022/01/Andrea-Marcon-Daniele-Caminiti-400x267.jpg 400w, https://lacetra.ch/wp-content/uploads/2022/01/Andrea-Marcon-Daniele-Caminiti-768x512.jpg 768w, https://lacetra.ch/wp-content/uploads/2022/01/Andrea-Marcon-Daniele-Caminiti-1600x1067.jpg 1600w, https://lacetra.ch/wp-content/uploads/2022/01/Andrea-Marcon-Daniele-Caminiti-1536x1024.jpg 1536w, https://lacetra.ch/wp-content/uploads/2022/01/Andrea-Marcon-Daniele-Caminiti-2048x1365.jpg 2048w" sizes="auto, (max-width: 800px) 100vw, 800px" />            </figure>
        </div>
    
            <h3 class="h3inline">Andrea Marcon</h3>
    
            <p>Andrea Marcon ist einer der renommiertesten Musiker und Spezialisten auf dem Gebiet der Alten Musik und der Klassik. Geboren im norditalienischen Treviso, studierte er an der Schola Cantorum in Basel u. a. bei Jean-Claude Zehnder, Hans Martin Linde und Jordi Savall sowie bei Luigi Fernando Tagliavini, Hans van Niewkoop, Jesper Christensen, Harald Vogel und Ton Koopman.rnrnSeit 2009 ist er künstlerischer Leiter von La Cetra. Tatsächlich begann seine Partnerschaft mit dem La Cetra Barockorchester Basel bereits 1999 mit dem allerersten Konzert des Ensembles. Seither führt er es von Höhepunkt zu Höhepunkt im Rahmen von internationalen Konzerttourneen.rnAls Gründer der legendären Barockensembles «Sonatori de la Gioiosa Marca» und des Venice Baroque Orchestra gastiert Andrea Marcon seit vielen Jahren in allen bedeutenden Konzertsälen weltweit. Als Gastdirigent arbeitet er zudem mit den Münchner und Berliner Philharmonikern, dem Sinfonieorchester des Bayerischen und des Hessischen Rundfunks, den Bamberger Symphonikern u.v.m. und widmet sich in den letzten Jahren auch dem sinfonischen Repertoire von Beethoven, Schubert, Mendelssohn, Schumann und Brahms. Als Operndirigent war er u. a. an der Oper Frankfurt, den Opern in Valencia, Sevilla und Lausanne, in La Fenice oder am Bolschoi-Theater in Moskau eingeladen. Im Frühling 2023 gab er sein Debut an La Scala di Milano.rnÜber 80 oft preisgekrönte Aufnahmen als Dirigent, Cembalist und Organist zum Teil mit Wiederentdeckungen von Vivaldi, Caldara, Marcello, Galuppi, Porpora, Cimarosa oder Boccherini dokumentieren das reiche Repertoire, mit dem er sich bis heute beschäftigt.rn2021 wurde ihm für seine Verdienste um die Musik Händels der Händelpreis der Stadt Halle verliehen.</p>
    
    <hr/>
</div>
