{"id":11266,"date":"2024-05-15T09:56:48","date_gmt":"2024-05-15T07:56:48","guid":{"rendered":"https:\/\/lacetra.ch\/?post_type=konzerte&#038;p=11266"},"modified":"2024-05-15T11:02:43","modified_gmt":"2024-05-15T09:02:43","slug":"con-che-soavi-accenti-fuerth","status":"publish","type":"konzerte","link":"https:\/\/lacetra.ch\/en\/konzerte\/con-che-soavi-accenti-fuerth\/","title":{"rendered":"Con che soavi accenti"},"content":{"rendered":"<p>Ihren Durchbruch erzielte Magdalena Ko\u017een\u00e1 mit dem Gewinn des Sechsten Internationalen Mozartwettbewerbs in Salzburg. Auf der Opernb\u00fchne deb\u00fctierte die Mezzosopranistin bei den Salzburger Festspielen 2002. Im Folgejahr erhielt sie den Ordre des Arts et des Lettres. Auftritte f\u00fchrten sie in alle renommierten Konzerts\u00e4le (u. a. Metropolitan Opera, Carnegie Hall, Wigmore Hall, Staatsoper Berlin) sowie auf Festivals wie das Glyndebourne Festival, Festival d\u2018Aix en Provence oder die Salzburger Festspiele. Sie arbeitete mit Dirigenten wie Claudio Abbado, Pierre Boulez, Sir Simon Rattle, Sir John Eliot Gardiner oder Mariss Jansons und vertiefte ihre Kenntnisse im Bereich Alte Musik mit dem Venice Baroque Orchestra, Orchestra of the Age of Enlightenment oder La Cetra Barockorchester Basel. Letzteres hat sich auf die italienische Musik des Hochbarocks spezialisiert, im Zeichen derer auch der Konzertabend in F\u00fcrth steht. Das Orchester gastiert regelm\u00e4\u00dfig in der Philharmonie de Paris, Elbphilharmonie, im Concertgebouw Amsterdam, Konzerthaus und Theater an der Wien, bei den Dresdner Musikfestspielen oder Innsbrucker Festwochen. Die Musikalische Leitung \u00fcbernimmt der preisgekr\u00f6nte Cembalist und Organist Andrea Marcon, der auch solistisch am Cembalo in F\u00fcrth auftritt.<\/p>\n<p>Einf\u00fchrung 19.00 Uhr<\/p>\n","protected":false},"excerpt":{"rendered":"<p>Ihren Durchbruch erzielte Magdalena Ko\u017een\u00e1 mit dem Gewinn des Sechsten Internationalen Mozartwettbewerbs in Salzburg. Auf der Opernb\u00fchne deb\u00fctierte die Mezzosopranistin bei den Salzburger Festspielen 2002. Im Folgejahr erhielt sie den Ordre des Arts et des Lettres. Auftritte f\u00fchrten sie in alle renommierten Konzerts\u00e4le (u. a. Metropolitan Opera, Carnegie Hall, Wigmore Hall, Staatsoper Berlin) sowie auf [&hellip;]<\/p>\n","protected":false},"featured_media":11270,"template":"","meta":{"_acf_changed":false,"inline_featured_image":false,"footnotes":""},"class_list":["post-11266","konzerte","type-konzerte","status-publish","has-post-thumbnail","hentry"],"acf":[],"yoast_head":"<!-- This site is optimized with the Yoast SEO plugin v27.1.1 - https:\/\/yoast.com\/product\/yoast-seo-wordpress\/ -->\n<title>Con che soavi accenti &#187; La Cetra<\/title>\n<meta name=\"robots\" content=\"index, follow, max-snippet:-1, max-image-preview:large, max-video-preview:-1\" \/>\n<link rel=\"canonical\" href=\"https:\/\/lacetra.ch\/en\/konzerte\/con-che-soavi-accenti-fuerth\/\" \/>\n<meta property=\"og:locale\" content=\"en_US\" \/>\n<meta property=\"og:type\" content=\"article\" \/>\n<meta property=\"og:title\" content=\"Con che soavi accenti &#187; La Cetra\" \/>\n<meta property=\"og:description\" content=\"Ihren Durchbruch erzielte Magdalena Ko\u017een\u00e1 mit dem Gewinn des Sechsten Internationalen Mozartwettbewerbs in Salzburg. Auf der Opernb\u00fchne deb\u00fctierte die Mezzosopranistin bei den Salzburger Festspielen 2002. Im Folgejahr erhielt sie den Ordre des Arts et des Lettres. Auftritte f\u00fchrten sie in alle renommierten Konzerts\u00e4le (u. a. Metropolitan Opera, Carnegie Hall, Wigmore Hall, Staatsoper Berlin) sowie auf [&hellip;]\" \/>\n<meta property=\"og:url\" content=\"https:\/\/lacetra.ch\/en\/konzerte\/con-che-soavi-accenti-fuerth\/\" \/>\n<meta property=\"og:site_name\" content=\"La Cetra\" \/>\n<meta property=\"article:publisher\" content=\"https:\/\/www.facebook.com\/lacetrabasel\" \/>\n<meta property=\"article:modified_time\" content=\"2024-05-15T09:02:43+00:00\" \/>\n<meta property=\"og:image\" content=\"https:\/\/lacetra.ch\/wp-content\/uploads\/2024\/05\/57b8e46649102fd2cc1b68feebf7500f.png\" \/>\n\t<meta property=\"og:image:width\" content=\"1024\" \/>\n\t<meta property=\"og:image:height\" content=\"698\" \/>\n\t<meta property=\"og:image:type\" content=\"image\/png\" \/>\n<meta name=\"twitter:card\" content=\"summary_large_image\" \/>\n<meta name=\"twitter:site\" content=\"@LaCetraBasel\" \/>\n<meta name=\"twitter:label1\" content=\"Est. reading time\" \/>\n\t<meta name=\"twitter:data1\" content=\"2 minutes\" \/>\n<script type=\"application\/ld+json\" class=\"yoast-schema-graph\">{\"@context\":\"https:\/\/schema.org\",\"@graph\":[{\"@type\":\"WebPage\",\"@id\":\"https:\/\/lacetra.ch\/en\/konzerte\/con-che-soavi-accenti-fuerth\/\",\"url\":\"https:\/\/lacetra.ch\/en\/konzerte\/con-che-soavi-accenti-fuerth\/\",\"name\":\"Con che soavi accenti &#187; La Cetra\",\"isPartOf\":{\"@id\":\"https:\/\/lacetra.ch\/en\/#website\"},\"primaryImageOfPage\":{\"@id\":\"https:\/\/lacetra.ch\/en\/konzerte\/con-che-soavi-accenti-fuerth\/#primaryimage\"},\"image\":{\"@id\":\"https:\/\/lacetra.ch\/en\/konzerte\/con-che-soavi-accenti-fuerth\/#primaryimage\"},\"thumbnailUrl\":\"https:\/\/lacetra.ch\/wp-content\/uploads\/2024\/05\/57b8e46649102fd2cc1b68feebf7500f.png\",\"datePublished\":\"2024-05-15T07:56:48+00:00\",\"dateModified\":\"2024-05-15T09:02:43+00:00\",\"breadcrumb\":{\"@id\":\"https:\/\/lacetra.ch\/en\/konzerte\/con-che-soavi-accenti-fuerth\/#breadcrumb\"},\"inLanguage\":\"en-US\",\"potentialAction\":[{\"@type\":\"ReadAction\",\"target\":[\"https:\/\/lacetra.ch\/en\/konzerte\/con-che-soavi-accenti-fuerth\/\"]}]},{\"@type\":\"ImageObject\",\"inLanguage\":\"en-US\",\"@id\":\"https:\/\/lacetra.ch\/en\/konzerte\/con-che-soavi-accenti-fuerth\/#primaryimage\",\"url\":\"https:\/\/lacetra.ch\/wp-content\/uploads\/2024\/05\/57b8e46649102fd2cc1b68feebf7500f.png\",\"contentUrl\":\"https:\/\/lacetra.ch\/wp-content\/uploads\/2024\/05\/57b8e46649102fd2cc1b68feebf7500f.png\",\"width\":1024,\"height\":698},{\"@type\":\"BreadcrumbList\",\"@id\":\"https:\/\/lacetra.ch\/en\/konzerte\/con-che-soavi-accenti-fuerth\/#breadcrumb\",\"itemListElement\":[{\"@type\":\"ListItem\",\"position\":1,\"name\":\"Startseite\",\"item\":\"https:\/\/lacetra.ch\/en\/home\/\"},{\"@type\":\"ListItem\",\"position\":2,\"name\":\"Concerts\",\"item\":\"https:\/\/lacetra.ch\/en\/concerts\/\"},{\"@type\":\"ListItem\",\"position\":3,\"name\":\"Con che soavi accenti\"}]},{\"@type\":\"WebSite\",\"@id\":\"https:\/\/lacetra.ch\/en\/#website\",\"url\":\"https:\/\/lacetra.ch\/en\/\",\"name\":\"La Cetra\",\"description\":\"Barockorchester &amp; Vokalensemble Basel\",\"publisher\":{\"@id\":\"https:\/\/lacetra.ch\/en\/#organization\"},\"potentialAction\":[{\"@type\":\"SearchAction\",\"target\":{\"@type\":\"EntryPoint\",\"urlTemplate\":\"https:\/\/lacetra.ch\/en\/?s={search_term_string}\"},\"query-input\":{\"@type\":\"PropertyValueSpecification\",\"valueRequired\":true,\"valueName\":\"search_term_string\"}}],\"inLanguage\":\"en-US\"},{\"@type\":\"Organization\",\"@id\":\"https:\/\/lacetra.ch\/en\/#organization\",\"name\":\"La Cetra Barockorchester Basel\",\"url\":\"https:\/\/lacetra.ch\/en\/\",\"logo\":{\"@type\":\"ImageObject\",\"inLanguage\":\"en-US\",\"@id\":\"https:\/\/lacetra.ch\/en\/#\/schema\/logo\/image\/\",\"url\":\"https:\/\/lacetra.ch\/wp-content\/uploads\/2020\/04\/LaCetra_Logo_BV.svg\",\"contentUrl\":\"https:\/\/lacetra.ch\/wp-content\/uploads\/2020\/04\/LaCetra_Logo_BV.svg\",\"width\":\"1400\",\"height\":\"1400\",\"caption\":\"La Cetra Barockorchester Basel\"},\"image\":{\"@id\":\"https:\/\/lacetra.ch\/en\/#\/schema\/logo\/image\/\"},\"sameAs\":[\"https:\/\/www.facebook.com\/lacetrabasel\",\"https:\/\/x.com\/LaCetraBasel\",\"https:\/\/www.instagram.com\/lacetrabasel\/\"]}]}<\/script>\n<!-- \/ Yoast SEO plugin. -->","yoast_head_json":{"title":"Con che soavi accenti &#187; La Cetra","robots":{"index":"index","follow":"follow","max-snippet":"max-snippet:-1","max-image-preview":"max-image-preview:large","max-video-preview":"max-video-preview:-1"},"canonical":"https:\/\/lacetra.ch\/en\/konzerte\/con-che-soavi-accenti-fuerth\/","og_locale":"en_US","og_type":"article","og_title":"Con che soavi accenti &#187; La Cetra","og_description":"Ihren Durchbruch erzielte Magdalena Ko\u017een\u00e1 mit dem Gewinn des Sechsten Internationalen Mozartwettbewerbs in Salzburg. Auf der Opernb\u00fchne deb\u00fctierte die Mezzosopranistin bei den Salzburger Festspielen 2002. Im Folgejahr erhielt sie den Ordre des Arts et des Lettres. Auftritte f\u00fchrten sie in alle renommierten Konzerts\u00e4le (u. a. Metropolitan Opera, Carnegie Hall, Wigmore Hall, Staatsoper Berlin) sowie auf [&hellip;]","og_url":"https:\/\/lacetra.ch\/en\/konzerte\/con-che-soavi-accenti-fuerth\/","og_site_name":"La Cetra","article_publisher":"https:\/\/www.facebook.com\/lacetrabasel","article_modified_time":"2024-05-15T09:02:43+00:00","og_image":[{"width":1024,"height":698,"url":"https:\/\/lacetra.ch\/wp-content\/uploads\/2024\/05\/57b8e46649102fd2cc1b68feebf7500f.png","type":"image\/png"}],"twitter_card":"summary_large_image","twitter_site":"@LaCetraBasel","twitter_misc":{"Est. reading time":"2 minutes"},"schema":{"@context":"https:\/\/schema.org","@graph":[{"@type":"WebPage","@id":"https:\/\/lacetra.ch\/en\/konzerte\/con-che-soavi-accenti-fuerth\/","url":"https:\/\/lacetra.ch\/en\/konzerte\/con-che-soavi-accenti-fuerth\/","name":"Con che soavi accenti &#187; La Cetra","isPartOf":{"@id":"https:\/\/lacetra.ch\/en\/#website"},"primaryImageOfPage":{"@id":"https:\/\/lacetra.ch\/en\/konzerte\/con-che-soavi-accenti-fuerth\/#primaryimage"},"image":{"@id":"https:\/\/lacetra.ch\/en\/konzerte\/con-che-soavi-accenti-fuerth\/#primaryimage"},"thumbnailUrl":"https:\/\/lacetra.ch\/wp-content\/uploads\/2024\/05\/57b8e46649102fd2cc1b68feebf7500f.png","datePublished":"2024-05-15T07:56:48+00:00","dateModified":"2024-05-15T09:02:43+00:00","breadcrumb":{"@id":"https:\/\/lacetra.ch\/en\/konzerte\/con-che-soavi-accenti-fuerth\/#breadcrumb"},"inLanguage":"en-US","potentialAction":[{"@type":"ReadAction","target":["https:\/\/lacetra.ch\/en\/konzerte\/con-che-soavi-accenti-fuerth\/"]}]},{"@type":"ImageObject","inLanguage":"en-US","@id":"https:\/\/lacetra.ch\/en\/konzerte\/con-che-soavi-accenti-fuerth\/#primaryimage","url":"https:\/\/lacetra.ch\/wp-content\/uploads\/2024\/05\/57b8e46649102fd2cc1b68feebf7500f.png","contentUrl":"https:\/\/lacetra.ch\/wp-content\/uploads\/2024\/05\/57b8e46649102fd2cc1b68feebf7500f.png","width":1024,"height":698},{"@type":"BreadcrumbList","@id":"https:\/\/lacetra.ch\/en\/konzerte\/con-che-soavi-accenti-fuerth\/#breadcrumb","itemListElement":[{"@type":"ListItem","position":1,"name":"Startseite","item":"https:\/\/lacetra.ch\/en\/home\/"},{"@type":"ListItem","position":2,"name":"Concerts","item":"https:\/\/lacetra.ch\/en\/concerts\/"},{"@type":"ListItem","position":3,"name":"Con che soavi accenti"}]},{"@type":"WebSite","@id":"https:\/\/lacetra.ch\/en\/#website","url":"https:\/\/lacetra.ch\/en\/","name":"La Cetra","description":"Barockorchester &amp; Vokalensemble Basel","publisher":{"@id":"https:\/\/lacetra.ch\/en\/#organization"},"potentialAction":[{"@type":"SearchAction","target":{"@type":"EntryPoint","urlTemplate":"https:\/\/lacetra.ch\/en\/?s={search_term_string}"},"query-input":{"@type":"PropertyValueSpecification","valueRequired":true,"valueName":"search_term_string"}}],"inLanguage":"en-US"},{"@type":"Organization","@id":"https:\/\/lacetra.ch\/en\/#organization","name":"La Cetra Barockorchester Basel","url":"https:\/\/lacetra.ch\/en\/","logo":{"@type":"ImageObject","inLanguage":"en-US","@id":"https:\/\/lacetra.ch\/en\/#\/schema\/logo\/image\/","url":"https:\/\/lacetra.ch\/wp-content\/uploads\/2020\/04\/LaCetra_Logo_BV.svg","contentUrl":"https:\/\/lacetra.ch\/wp-content\/uploads\/2020\/04\/LaCetra_Logo_BV.svg","width":"1400","height":"1400","caption":"La Cetra Barockorchester Basel"},"image":{"@id":"https:\/\/lacetra.ch\/en\/#\/schema\/logo\/image\/"},"sameAs":["https:\/\/www.facebook.com\/lacetrabasel","https:\/\/x.com\/LaCetraBasel","https:\/\/www.instagram.com\/lacetrabasel\/"]}]}},"_links":{"self":[{"href":"https:\/\/lacetra.ch\/en\/wp-json\/wp\/v2\/konzerte\/11266","targetHints":{"allow":["GET"]}}],"collection":[{"href":"https:\/\/lacetra.ch\/en\/wp-json\/wp\/v2\/konzerte"}],"about":[{"href":"https:\/\/lacetra.ch\/en\/wp-json\/wp\/v2\/types\/konzerte"}],"version-history":[{"count":3,"href":"https:\/\/lacetra.ch\/en\/wp-json\/wp\/v2\/konzerte\/11266\/revisions"}],"predecessor-version":[{"id":11277,"href":"https:\/\/lacetra.ch\/en\/wp-json\/wp\/v2\/konzerte\/11266\/revisions\/11277"}],"wp:featuredmedia":[{"embeddable":true,"href":"https:\/\/lacetra.ch\/en\/wp-json\/wp\/v2\/media\/11270"}],"wp:attachment":[{"href":"https:\/\/lacetra.ch\/en\/wp-json\/wp\/v2\/media?parent=11266"}],"curies":[{"name":"wp","href":"https:\/\/api.w.org\/{rel}","templated":true}]}}

<p>Ihren Durchbruch erzielte Magdalena Kožená mit dem Gewinn des Sechsten Internationalen Mozartwettbewerbs in Salzburg. Auf der Opernbühne debütierte die Mezzosopranistin bei den Salzburger Festspielen 2002. Im Folgejahr erhielt sie den Ordre des Arts et des Lettres. Auftritte führten sie in alle renommierten Konzertsäle (u. a. Metropolitan Opera, Carnegie Hall, Wigmore Hall, Staatsoper Berlin) sowie auf Festivals wie das Glyndebourne Festival, Festival d‘Aix en Provence oder die Salzburger Festspiele. Sie arbeitete mit Dirigenten wie Claudio Abbado, Pierre Boulez, Sir Simon Rattle, Sir John Eliot Gardiner oder Mariss Jansons und vertiefte ihre Kenntnisse im Bereich Alte Musik mit dem Venice Baroque Orchestra, Orchestra of the Age of Enlightenment oder La Cetra Barockorchester Basel. Letzteres hat sich auf die italienische Musik des Hochbarocks spezialisiert, im Zeichen derer auch der Konzertabend in Fürth steht. Das Orchester gastiert regelmäßig in der Philharmonie de Paris, Elbphilharmonie, im Concertgebouw Amsterdam, Konzerthaus und Theater an der Wien, bei den Dresdner Musikfestspielen oder Innsbrucker Festwochen. Die Musikalische Leitung übernimmt der preisgekrönte Cembalist und Organist Andrea Marcon, der auch solistisch am Cembalo in Fürth auftritt.</p>
<p>Einführung 19.00 Uhr</p>

<p>Ihren Durchbruch erzielte Magdalena Kožená mit dem Gewinn des Sechsten Internationalen Mozartwettbewerbs in Salzburg. Auf der Opernbühne debütierte die Mezzosopranistin bei den Salzburger Festspielen 2002. Im Folgejahr erhielt sie den Ordre des Arts et des Lettres. Auftritte führten sie in alle renommierten Konzertsäle (u. a. Metropolitan Opera, Carnegie Hall, Wigmore Hall, Staatsoper Berlin) sowie auf [&hellip;]</p>

<!-- This site is optimized with the Yoast SEO plugin v27.1.1 - https://yoast.com/product/yoast-seo-wordpress/ -->
<title>Con che soavi accenti &#187; La Cetra</title>
<meta name="robots" content="index, follow, max-snippet:-1, max-image-preview:large, max-video-preview:-1" />
<link rel="canonical" href="https://lacetra.ch/en/konzerte/con-che-soavi-accenti-fuerth/" />
<meta property="og:locale" content="en_US" />
<meta property="og:type" content="article" />
<meta property="og:title" content="Con che soavi accenti &#187; La Cetra" />
<meta property="og:description" content="Ihren Durchbruch erzielte Magdalena Kožená mit dem Gewinn des Sechsten Internationalen Mozartwettbewerbs in Salzburg. Auf der Opernbühne debütierte die Mezzosopranistin bei den Salzburger Festspielen 2002. Im Folgejahr erhielt sie den Ordre des Arts et des Lettres. Auftritte führten sie in alle renommierten Konzertsäle (u. a. Metropolitan Opera, Carnegie Hall, Wigmore Hall, Staatsoper Berlin) sowie auf [&hellip;]" />
<meta property="og:url" content="https://lacetra.ch/en/konzerte/con-che-soavi-accenti-fuerth/" />
<meta property="og:site_name" content="La Cetra" />
<meta property="article:publisher" content="https://www.facebook.com/lacetrabasel" />
<meta property="article:modified_time" content="2024-05-15T09:02:43+00:00" />
<meta property="og:image" content="https://lacetra.ch/wp-content/uploads/2024/05/57b8e46649102fd2cc1b68feebf7500f.png" />
	<meta property="og:image:width" content="1024" />
	<meta property="og:image:height" content="698" />
	<meta property="og:image:type" content="image/png" />
<meta name="twitter:card" content="summary_large_image" />
<meta name="twitter:site" content="@LaCetraBasel" />
<meta name="twitter:label1" content="Est. reading time" />
	<meta name="twitter:data1" content="2 minutes" />
<script type="application/ld+json" class="yoast-schema-graph">{"@context":"https://schema.org","@graph":[{"@type":"WebPage","@id":"https://lacetra.ch/en/konzerte/con-che-soavi-accenti-fuerth/","url":"https://lacetra.ch/en/konzerte/con-che-soavi-accenti-fuerth/","name":"Con che soavi accenti &#187; La Cetra","isPartOf":{"@id":"https://lacetra.ch/en/#website"},"primaryImageOfPage":{"@id":"https://lacetra.ch/en/konzerte/con-che-soavi-accenti-fuerth/#primaryimage"},"image":{"@id":"https://lacetra.ch/en/konzerte/con-che-soavi-accenti-fuerth/#primaryimage"},"thumbnailUrl":"https://lacetra.ch/wp-content/uploads/2024/05/57b8e46649102fd2cc1b68feebf7500f.png","datePublished":"2024-05-15T07:56:48+00:00","dateModified":"2024-05-15T09:02:43+00:00","breadcrumb":{"@id":"https://lacetra.ch/en/konzerte/con-che-soavi-accenti-fuerth/#breadcrumb"},"inLanguage":"en-US","potentialAction":[{"@type":"ReadAction","target":["https://lacetra.ch/en/konzerte/con-che-soavi-accenti-fuerth/"]}]},{"@type":"ImageObject","inLanguage":"en-US","@id":"https://lacetra.ch/en/konzerte/con-che-soavi-accenti-fuerth/#primaryimage","url":"https://lacetra.ch/wp-content/uploads/2024/05/57b8e46649102fd2cc1b68feebf7500f.png","contentUrl":"https://lacetra.ch/wp-content/uploads/2024/05/57b8e46649102fd2cc1b68feebf7500f.png","width":1024,"height":698},{"@type":"BreadcrumbList","@id":"https://lacetra.ch/en/konzerte/con-che-soavi-accenti-fuerth/#breadcrumb","itemListElement":[{"@type":"ListItem","position":1,"name":"Startseite","item":"https://lacetra.ch/en/home/"},{"@type":"ListItem","position":2,"name":"Concerts","item":"https://lacetra.ch/en/concerts/"},{"@type":"ListItem","position":3,"name":"Con che soavi accenti"}]},{"@type":"WebSite","@id":"https://lacetra.ch/en/#website","url":"https://lacetra.ch/en/","name":"La Cetra","description":"Barockorchester &amp; Vokalensemble Basel","publisher":{"@id":"https://lacetra.ch/en/#organization"},"potentialAction":[{"@type":"SearchAction","target":{"@type":"EntryPoint","urlTemplate":"https://lacetra.ch/en/?s={search_term_string}"},"query-input":{"@type":"PropertyValueSpecification","valueRequired":true,"valueName":"search_term_string"}}],"inLanguage":"en-US"},{"@type":"Organization","@id":"https://lacetra.ch/en/#organization","name":"La Cetra Barockorchester Basel","url":"https://lacetra.ch/en/","logo":{"@type":"ImageObject","inLanguage":"en-US","@id":"https://lacetra.ch/en/#/schema/logo/image/","url":"https://lacetra.ch/wp-content/uploads/2020/04/LaCetra_Logo_BV.svg","contentUrl":"https://lacetra.ch/wp-content/uploads/2020/04/LaCetra_Logo_BV.svg","width":"1400","height":"1400","caption":"La Cetra Barockorchester Basel"},"image":{"@id":"https://lacetra.ch/en/#/schema/logo/image/"},"sameAs":["https://www.facebook.com/lacetrabasel","https://x.com/LaCetraBasel","https://www.instagram.com/lacetrabasel/"]}]}</script>
<!-- / Yoast SEO plugin. -->

Ihren Durchbruch erzielte Magdalena Kožená mit dem Gewinn des Sechsten Internationalen Mozartwettbewerbs in Salzburg. Auf der Opernbühne debütierte die Mezzosopranistin bei den Salzburger Festspielen 2002. Im Folgejahr erhielt sie den Ordre des Arts et des Lettres. Auftritte führten sie in alle renommierten Konzertsäle (u. a. Metropolitan Opera, Carnegie Hall, Wigmore Hall, Staatsoper Berlin) sowie auf [&hellip;]
