{"version":"1.0","provider_name":"La Cetra","provider_url":"https:\/\/lacetra.ch\/en\/","title":"Con che soavi accenti &#187; La Cetra","type":"rich","width":600,"height":338,"html":"<blockquote class=\"wp-embedded-content\" data-secret=\"2QOwFQ5cT3\"><a href=\"https:\/\/lacetra.ch\/en\/konzerte\/con-che-soavi-accenti-fuerth\/\">Con che soavi accenti<\/a><\/blockquote><iframe sandbox=\"allow-scripts\" security=\"restricted\" src=\"https:\/\/lacetra.ch\/en\/konzerte\/con-che-soavi-accenti-fuerth\/embed\/#?secret=2QOwFQ5cT3\" width=\"600\" height=\"338\" title=\"&#8220;Con che soavi accenti&#8221; &#8212; La Cetra\" data-secret=\"2QOwFQ5cT3\" frameborder=\"0\" marginwidth=\"0\" marginheight=\"0\" scrolling=\"no\" class=\"wp-embedded-content\"><\/iframe><script type=\"text\/javascript\">\n\/* <![CDATA[ *\/\n\/*! This file is auto-generated *\/\n!function(d,l){\"use strict\";l.querySelector&&d.addEventListener&&\"undefined\"!=typeof URL&&(d.wp=d.wp||{},d.wp.receiveEmbedMessage||(d.wp.receiveEmbedMessage=function(e){var t=e.data;if((t||t.secret||t.message||t.value)&&!\/[^a-zA-Z0-9]\/.test(t.secret)){for(var s,r,n,a=l.querySelectorAll('iframe[data-secret=\"'+t.secret+'\"]'),o=l.querySelectorAll('blockquote[data-secret=\"'+t.secret+'\"]'),c=new RegExp(\"^https?:$\",\"i\"),i=0;i<o.length;i++)o[i].style.display=\"none\";for(i=0;i<a.length;i++)s=a[i],e.source===s.contentWindow&&(s.removeAttribute(\"style\"),\"height\"===t.message?(1e3<(r=parseInt(t.value,10))?r=1e3:~~r<200&&(r=200),s.height=r):\"link\"===t.message&&(r=new URL(s.getAttribute(\"src\")),n=new URL(t.value),c.test(n.protocol))&&n.host===r.host&&l.activeElement===s&&(d.top.location.href=t.value))}},d.addEventListener(\"message\",d.wp.receiveEmbedMessage,!1),l.addEventListener(\"DOMContentLoaded\",function(){for(var e,t,s=l.querySelectorAll(\"iframe.wp-embedded-content\"),r=0;r<s.length;r++)(t=(e=s[r]).getAttribute(\"data-secret\"))||(t=Math.random().toString(36).substring(2,12),e.src+=\"#?secret=\"+t,e.setAttribute(\"data-secret\",t)),e.contentWindow.postMessage({message:\"ready\",secret:t},\"*\")},!1)))}(window,document);\n\/\/# sourceURL=https:\/\/lacetra.ch\/wp-includes\/js\/wp-embed.min.js\n\/* ]]> *\/\n<\/script>\n","thumbnail_url":"https:\/\/lacetra.ch\/wp-content\/uploads\/2024\/05\/57b8e46649102fd2cc1b68feebf7500f.png","thumbnail_width":1024,"thumbnail_height":698,"description":"Ihren Durchbruch erzielte Magdalena Ko\u017een\u00e1 mit dem Gewinn des Sechsten Internationalen Mozartwettbewerbs in Salzburg. Auf der Opernb\u00fchne deb\u00fctierte die Mezzosopranistin bei den Salzburger Festspielen 2002. Im Folgejahr erhielt sie den Ordre des Arts et des Lettres. Auftritte f\u00fchrten sie in alle renommierten Konzerts\u00e4le (u. a. Metropolitan Opera, Carnegie Hall, Wigmore Hall, Staatsoper Berlin) sowie auf [&hellip;]"}

Ihren Durchbruch erzielte Magdalena Kožená mit dem Gewinn des Sechsten Internationalen Mozartwettbewerbs in Salzburg. Auf der Opernbühne debütierte die Mezzosopranistin bei den Salzburger Festspielen 2002. Im Folgejahr erhielt sie den Ordre des Arts et des Lettres. Auftritte führten sie in alle renommierten Konzertsäle (u. a. Metropolitan Opera, Carnegie Hall, Wigmore Hall, Staatsoper Berlin) sowie auf [&hellip;]
